{"id":2,"date":"2021-11-07T05:34:58","date_gmt":"2021-11-07T05:34:58","guid":{"rendered":"http:\/\/qufaculty.qu.edu.qa\/sinanmarufoglu\/?page_id=2"},"modified":"2023-09-12T08:50:57","modified_gmt":"2023-09-12T08:50:57","slug":"sample-page","status":"publish","type":"page","link":"http:\/\/qufaculty.qu.edu.qa\/sinanmarufoglu\/sample-page\/","title":{"rendered":"Publications &#038; Projects"},"content":{"rendered":"\n<div class=\"wp-block-group has-black-color has-white-background-color has-text-color has-background\"><div class=\"wp-block-group__inner-container is-layout-flow wp-block-group-is-layout-flow\">\n<div class=\"wp-block-columns is-layout-flex wp-container-core-columns-is-layout-9d6595d7 wp-block-columns-is-layout-flex\">\n<div class=\"wp-block-column is-layout-flow wp-block-column-is-layout-flow\" style=\"flex-basis:100%\">\n<ul class=\"wp-block-list\"><li><strong>BOOKS:<\/strong><\/li><li>MARUFO\u011eLU, Sinan; <strong><em>\u00a0<\/em><a href=\"https:\/\/www.neelwafurat.com\/itempage.aspx?id=lbb155060-116708&amp;search=books\" data-type=\"URL\" data-id=\"https:\/\/www.neelwafurat.com\/itempage.aspx?id=lbb155060-116708&amp;search=books\" target=\"_blank\" rel=\"noreferrer noopener\">\u0627\u0644\u0639\u0631\u0627\u0642<strong> \u0641\u064a \u0627\u0644\u0648\u062b\u0627\u0626\u0642 \u0627\u0644\u0639\u062b\u0645\u0627\u0646\u064a\u0629<\/strong><\/a> <\/strong>, Dar Al-Shorok,\u00a0\u00a0Amman, Jordan, 2006.<\/li><\/ul>\n\n\n\n<ul class=\"wp-block-list\"><li>MARUFO\u011eLU, Sinan;<strong> <a href=\"https:\/\/www.daralsaqi.com\/book\/%D9%86%D8%AC%D8%AF-%D9%88%D8%A7%D9%84%D8%AD%D8%AC%D8%A7%D8%B2-%D9%81%D9%8A-%D8%A7%D9%84%D9%88%D8%AB%D8%A7%D8%A6%D9%82-%D8%A7%D9%84%D8%B9%D8%AB%D9%85%D8%A7%D9%86%D9%8A%D8%A9--%D8%A7%D9%84%D8%A3%D8%AD%D9%88%D8%A7%D9%84-%D8%A7%D9%84%D8%B3%D9%8A%D8%A7%D8%B3%D9%8A%D8%A9-%D9%88%D8%A7%D9%84%D8%A7%D8%AC%D8%AA%D9%85%D8%A7%D8%B9%D9%8A%D8%A9-%D9%81%D9%8A-%D9%86%D8%AC%D8%AF-%D9%88%D8%A7%D9%84%D8%AD%D8%AC%D8%A7%D8%B2-%D8%AE%D9%84%D8%A7%D9%84-%D8%A7%D9%84%D8%B9%D9%87%D8%AF-%D8%A7%D9%84%D8%B9%D8%AB%D9%85%D8%A7%D9%86%D9%8A\" target=\"_blank\" rel=\"noreferrer noopener\">&nbsp;\u0646\u062c\u062f \u0648\u0627\u0644\u062d\u062c\u0627\u0632 \u0641\u064a \u0627\u0644\u0648\u062b\u0627\u0626\u0642 \u0627\u0644\u0639\u062b\u0645\u0627\u0646\u064a\u0629<\/a><\/strong> , Dar Al-Saqi Books, London, Beirut, 2002.<\/li><\/ul>\n\n\n\n<ul class=\"wp-block-list\"><li>MARUFO\u011eLU, Sinan; <a href=\"https:\/\/www.kitapyurdu.com\/kitap\/osmanli-doneminde-kuzey-irak-18311914\/11119.html\" target=\"_blank\" rel=\"noreferrer noopener\"><strong>Osmanl\u0131 D\u00f6neminde Kuzey Irak, 1831-1914<\/strong><\/a>, Eren Yay\u0131nevi, Istanbul, 1998.<\/li><\/ul>\n\n\n\n<ul class=\"wp-block-list\"><li>MARUFO\u011eLU, Sinan; <strong>\u0623\u062d\u0648\u0627\u0644 \u0627\u0644\u0639\u0631\u0627\u0642 \u0627\u0644\u0627\u062c\u062a\u0645\u0627\u0639\u064a\u0629 \u0648\u0627\u0644\u0633\u064a\u0627\u0633\u064a\u0629 \u062e\u0644\u0627\u0644 \u0627\u0644\u0639\u0647\u062f \u0627\u0644\u0639\u062b\u0645\u0627\u0646\u064a<\/strong><em>,<\/em> Al-Rafid, London &#8211; UK. 1997.<\/li><\/ul>\n<\/div>\n<\/div>\n\n\n\n<ul class=\"wp-block-list\"><li><strong>BOOK CHAPTERS:<\/strong><\/li><li>MARUFOGLU, Sinan, <strong><em>\u2018Ortado\u011fu \u00dclkelerinin Siyasi Tarihleri\u2019<\/em><\/strong>, Yeniden Yap\u0131lanma S\u00fcrecinde T\u00fcrk Cumhuriyetleri ve \u0130slam \u00dclkelerinin Sosyo-Ekonomik Yap\u0131lar\u0131 ve T\u00fcrkiye ile \u0130li\u015fkileri, Marmara \u00dcniversitesi, Ortado\u011fu ve \u0130slam \u00dclkeleri Ekonomik Ara\u015ft\u0131rma Merkezi, yay\u0131n No:9, Pp.171-219, Istanbul, 1998.<\/li><\/ul>\n\n\n\n<ul class=\"wp-block-list\"><li>MARUFOGLU, Sinan, &nbsp;<strong><em>\u2018Osmanl\u0131 D\u00f6neminde Kuzey Irak\u2019ta Toprak D\u00fczeni ve Mukataalar\u0131n \u0130\u015fletilmesi\u2019<\/em><\/strong>, <em>Irak Dosyas\u0131 I<\/em>,yay\u0131na haz\u0131rlayanlar: Ali Ahmetbeyo\u011flu vd, Tarih ve Tabiat Vakf\u0131, Cilt I, Pp.181-202, Istanbul, 2003.<\/li><\/ul>\n\n\n\n<ul class=\"wp-block-list\"><li>MARUFOGLU, Sinan, <strong><em>\u2018Osmanl\u0131 D\u00f6neminde G\u00fcney Irak\u2019ta Devlet-A\u015firet ili\u015fkileri\u2019<\/em><\/strong>, Irak Dosyas\u0131 I, yay\u0131na haz\u0131rlayanlar: Ali Ahmetbeyo\u011flu vd, Tarih ve Tabiat Vakf\u0131, Cilt I, Pp.317-346, Istanbul, 2003.<\/li><\/ul>\n\n\n\n<p><\/p>\n\n\n\n<ul class=\"wp-block-list\"><li><strong>ARTICLES &amp; PAPERS:<\/strong><\/li><li>MARUFOGLU, Sinan, &nbsp;<strong><em>\u2018Osmanl\u0131 D\u00f6neminde Kerk\u00fck \u015eehrinin Sosyal ve \u0130ktisadi yap\u0131s\u0131, 1847-1908\u2019<\/em><\/strong>, T\u00fcrk D\u00fcnyas\u0131 Ara\u015ft\u0131rmalar\u0131, V.103, Pp.15-29, 1996.<\/li><\/ul>\n\n\n\n<ul class=\"wp-block-list\"><li>MARUFOGLU, Sinan<strong>, <em>\u2018Osmanl\u0131 D\u00f6neminde Kuzey Irak K\u00fcrtlerinin Sosyal ve Siyasi Konumlar\u0131\u2019<\/em><\/strong>, T\u00fcrkiye G\u00fcnl\u00fc\u011f\u00fc, V.42, Pp.45-53, 1996.<\/li><\/ul>\n\n\n\n<ul class=\"wp-block-list\"><li>MARUFOGLU, Sinan, <strong>&#8216;<em>Irak T\u00fcrkleri<\/em>\u2019<\/strong>, <em>T\u00dcRKLER<\/em>, Edit\u00f6rler:Hasan Celal G\u00fczel, Kemal \u00c7i\u00e7ek, Salim Koca, V.20, Pp.603-610, Yeni T\u00fcrkiye Yay\u0131nlar\u0131, Ankara, 2002.<\/li><\/ul>\n\n\n\n<ul class=\"wp-block-list\"><li>MARUFOGLU,Sinan, &nbsp;<strong>&#8216;<em>Turks in Iraq <\/em>&#8216;<\/strong>, <em>THE TURKS<\/em>, Editors: Hasan Celal G\u00fczel, C.Cem O\u011fuz, Osman Karatay, V.6, Pp.661-668, Yeni T\u00fcrkiye Publications, Ankara, 2002.<\/li><\/ul>\n\n\n\n<ul class=\"wp-block-list\"><li>MARUFOGLU,Sinan, <strong>\u2018<em>Osmanl\u0131 D\u00f6neminde Irak \u015eiileri\u2019<\/em><\/strong><em> , <\/em>Toplumsal Tarih, V.114, Pp.98-101, Istanbul, 2003.<\/li><\/ul>\n\n\n\n<ul class=\"wp-block-list\"><li>MARUFO\u011eLU, Sinan; <strong>\u2018<em>Osmanl\u0131 D\u00f6neminde, G\u00fcney Irak\u2019ta Devlet-A\u015firet \u0130li\u015fkileri,1831-1914<\/em>\u2019, <\/strong>XIV. T\u00fcrk Tarih Kongresi, T\u00fcrk tarih Kurumu, Pp.621-638, Ankara, 2006.<\/li><\/ul>\n\n\n\n<ul class=\"wp-block-list\"><li>MARUFO\u011eLU, Sinan; &nbsp;<strong>&nbsp;\u0645\u0648\u0642\u0641 \u0627\u0644\u0634\u064a\u062e \u062c\u0627\u0633\u0645 \u0628\u0646 \u0645\u062d\u0645\u062f \u0628\u0646 \u062b\u0627\u0646\u064a \u0645\u0646 \u062d\u0631\u0648\u0628 \u0627\u0644\u0628\u0644\u0642\u0627\u0646<\/strong>, International Symposium on Katar History, National Day Celebration Comm\u0131ttee, Doha 2009.<\/li><\/ul>\n\n\n\n<ul class=\"wp-block-list\"><li>MARUFO\u011eLU, Sinan; <strong><em>Osmanl\u0131 Ta\u015fra Eyaletlerinde Para ve Finansman Sorunlar\u0131, (Musul, Ba\u011fdat ve Basra Eyaletleri \u00f6rne\u011fi<\/em><\/strong>, Do\u011fu Bat\u0131, Say\u0131 53, Osmanl\u0131lar III, Ankara, 2010.<\/li><\/ul>\n\n\n\n<ul class=\"wp-block-list\"><li>MARUFO\u011eLU, Sinan;&nbsp; <strong>\u062f\u0648\u0631 \u0645\u0624\u0633\u0633\u0629 \u0627\u0644\u0648\u0642\u0641 \u0641\u064a \u062a\u0645\u0648\u064a\u0644 \u0627\u0644\u0645\u0624\u0633\u0633\u0627\u062a \u0627\u0644\u062a\u0639\u0644\u064a\u0645\u064a\u0629 \u0641\u064a \u0645\u0635\u0631 \u062e\u0644\u0627\u0644 \u0627\u0644\u0639\u0647\u062f \u0627\u0644\u0639\u062b\u0645\u0627\u0646\u064a\u060c \u062f\u0631\u0627\u0633\u0629 \u062a\u062d\u0644\u064a\u0644\u064a\u0629 \u0644\u0633\u0646\u062f \u0648\u0642\u0641\u064a\u0629 \u0628\u0639\u0636 \u0627\u0644\u0642\u0631\u0649 \u0627\u0644\u0645\u0635\u0631\u064a\u0629 \u0641\u064a \u0639\u0647\u062f \u0645\u062d\u0645\u062f \u0639\u0644\u064a \u0628\u0627\u0634\u0627<em> , <\/em><\/strong>International Conference on &#8216;Egypt During The Ottoman Era&#8217;, Research Centre for Islamic History, Art and Culture (IRCICA), Istanbul, 2010.<\/li><\/ul>\n\n\n\n<ul class=\"wp-block-list\"><li>MARUFO\u011eLU, Sinan; <strong>\u2018<em>Osmanl\u0131 Ta\u015fra Eyaletlerinde Hizmetler ve \u00dccretler\u2019<\/em><\/strong>, History Studies-International Journal of History, V.3\/3, Pp.267-283, Samsun, 2011.<\/li><\/ul>\n\n\n\n<ul class=\"wp-block-list\"><li>MARUFO\u011eLU, Sinan; <strong>\u2018<em>II.Me\u015frutiyet\u2019ten Birinci D\u00fcnya Sava\u015f\u0131na, Osmanl\u0131 Arap Vilayetlerinde S\u00f6m\u00fcrgeci Avrupa Devletleri\u2019nin Siyasi Faaliyetleri\u2019<\/em><\/strong>, History Studies-International Journal of History, V.4\/3, Pp.95-111, Samsun, 2012.<\/li><\/ul>\n\n\n\n<ul class=\"wp-block-list\"><li>MARUFO\u011eLU, Sinan; &nbsp;<strong>\u2018<em>Balkan Sava\u015flar\u0131 S\u0131ras\u0131nda Araplar\u0131n Tutumu, 1912-1913<\/em>,<\/strong> T\u00fcrk D\u00fcnyas\u0131 \u0130ncelemeleri Dergisi \/ Journal of Turkish World Studies, V.XII\/2, Pp.141-159, Izmir, 2012.<\/li><\/ul>\n\n\n\n<ul class=\"wp-block-list\"><li>MARUFO\u011eLU, Sinan; <strong><em>\u201c19.Y\u00fczy\u0131lda Irak Vilayetlerinde, Toprak D\u00fczeni, Tapu ve M\u00fclkiyet Sorunlar\u0131<\/em><\/strong><em>\u201d,<\/em>The Pursuit of History-An International Periodical for History and Social Research, V.9, Pp.235-248, 2013.<\/li><\/ul>\n\n\n\n<ul class=\"wp-block-list\"><li>MARUFO\u011eLU, Sinan; <strong>&#8216;<em>Irak T\u00fcrkleri<\/em>&#8216;<\/strong>, Yeni T\u00fcrkiye Dergisi, \u00d6zel Ortado\u011fu Say\u0131s\u0131, V.84, Pp.345-355, Ankara, 2016.<\/li><\/ul>\n\n\n\n<ul class=\"wp-block-list\"><li>MARUFO\u011eLU, Sinan; <strong><em>\u2018\u0130\u015fgale Haz\u0131rl\u0131k; Birinci D\u00fcnya Sava\u015f\u0131 \u00f6ncesinde, Irak Vilayetlerinde \u0130ngilizlerin Siyasi Faaliyetleri\u2019, <\/em><\/strong>Yeni T\u00fcrkiye Dergisi, \u00d6zel Ortado\u011fu Say\u0131s\u0131, V.84, Pp.23-30, Ankara, 2016.<\/li><\/ul>\n\n\n\n<ul class=\"wp-block-list\"><li>MARUFO\u011eLU, &nbsp;Sinan; &nbsp;<strong><em>\u201819.Y\u00fczy\u0131lda Osmanl\u0131 Ta\u015fra Eyaletlerinde Tar\u0131m\u2019da Islahat Te\u015febb\u00fcsleri (Musul, Ba\u011fdat Ve Basra Eyaletleri \u00d6rne\u011fi)<\/em><\/strong>, \u00dc\u00e7\u00fcnc\u00fc \u0130ktisat Tarihi Kongresi Bildirileri I, Izmir Demokrasi \u00dcniversitesi, Pp.407-420 , 2019.<\/li><li>MARUFO\u011eLU, &nbsp;Sinan;  \u2018<strong><em>Eyalet&#8217;ten Vilayet&#8217;e, 19. y\u00fczy\u0131lda Ba\u011fdat&#8217;ta Osmanl\u0131 idari D\u00fczenlemeleri\u2019 , <\/em><\/strong>Tarih ve Gelecek Dergisi &#8211; Journal of History &amp; Future, V.8, Issue 2,&nbsp;Pp 543-560, 2022.<\/li><li>MARUFO\u011eLU, Sinan;&nbsp;<em><strong>\u2018Modernle\u015fme S\u00fcrecinde, Osmanl\u0131 Ta\u015fra Vilayetlerinde&nbsp;<\/strong><\/em><strong><em>Esnaf ve Sanayi Sorunlar\u0131, (Musul, Ba\u011fdat Ve Basra Vilayetleri \u00d6rne\u011fi)<\/em><\/strong>, The International Symposium of Ottoman Economic History, Marmara University &amp; G\u00fcng\u00f6ren Municipality, Pp 421-428, Istanbul, 2023.<\/li><\/ul>\n\n\n\n<p><\/p>\n\n\n\n<ul class=\"wp-block-list\"><li><strong>RESEARCH<\/strong> <strong>PROJECTS:<\/strong><\/li><li> <strong>\u2018<em>Osmanl\u0131 D\u00f6neminde Ba\u011fdat Vilayetinin Sosyal ve \u0130ktisadi Durumu, 1831-1914\u2019<\/em><\/strong>, PI, Manisa Celal Bayar University, 2004-2007.<\/li><li><strong>\u0645\u0643\u0627\u062a\u0628\u0627\u062a \u0627\u0644\u0634\u064a\u062e \u062c\u0627\u0633\u0645 \u0628\u0646 \u0645\u062d\u0645\u062f \u0628\u0646 \u062b\u0627\u0646\u064a \u0645\u0639 \u0627\u0644\u062f\u0648\u0644\u0629 \u0627\u0644\u0639\u062b\u0645\u0627\u0646\u064a\u0629<\/strong>, Startup Grant, Qatar University, 2008-2009.<\/li><\/ul>\n<\/div><\/div>\n","protected":false},"excerpt":{"rendered":"<p>BOOKS: MARUFO\u011eLU, Sinan; \u00a0\u0627\u0644\u0639\u0631\u0627\u0642 \u0641\u064a \u0627\u0644\u0648\u062b\u0627\u0626\u0642 \u0627\u0644\u0639\u062b\u0645\u0627\u0646\u064a\u0629 , Dar Al-Shorok,\u00a0\u00a0Amman, Jordan, 2006. MARUFO\u011eLU, Sinan; &nbsp;\u0646\u062c\u062f \u0648\u0627\u0644\u062d\u062c\u0627\u0632 \u0641\u064a \u0627\u0644\u0648\u062b\u0627\u0626\u0642 \u0627\u0644\u0639\u062b\u0645\u0627\u0646\u064a\u0629 , [&hellip;]<\/p>\n","protected":false},"author":1119,"featured_media":0,"parent":0,"menu_order":0,"comment_status":"closed","ping_status":"closed","template":"","meta":{"footnotes":""},"class_list":["post-2","page","type-page","status-publish","hentry"],"_links":{"self":[{"href":"http:\/\/qufaculty.qu.edu.qa\/sinanmarufoglu\/wp-json\/wp\/v2\/pages\/2","targetHints":{"allow":["GET"]}}],"collection":[{"href":"http:\/\/qufaculty.qu.edu.qa\/sinanmarufoglu\/wp-json\/wp\/v2\/pages"}],"about":[{"href":"http:\/\/qufaculty.qu.edu.qa\/sinanmarufoglu\/wp-json\/wp\/v2\/types\/page"}],"author":[{"embeddable":true,"href":"http:\/\/qufaculty.qu.edu.qa\/sinanmarufoglu\/wp-json\/wp\/v2\/users\/1119"}],"replies":[{"embeddable":true,"href":"http:\/\/qufaculty.qu.edu.qa\/sinanmarufoglu\/wp-json\/wp\/v2\/comments?post=2"}],"version-history":[{"count":23,"href":"http:\/\/qufaculty.qu.edu.qa\/sinanmarufoglu\/wp-json\/wp\/v2\/pages\/2\/revisions"}],"predecessor-version":[{"id":216,"href":"http:\/\/qufaculty.qu.edu.qa\/sinanmarufoglu\/wp-json\/wp\/v2\/pages\/2\/revisions\/216"}],"wp:attachment":[{"href":"http:\/\/qufaculty.qu.edu.qa\/sinanmarufoglu\/wp-json\/wp\/v2\/media?parent=2"}],"curies":[{"name":"wp","href":"https:\/\/api.w.org\/{rel}","templated":true}]}}