{"id":12,"date":"2025-02-02T08:59:53","date_gmt":"2025-02-02T08:59:53","guid":{"rendered":"http:\/\/qufaculty.qu.edu.qa\/lena-maria-moeller\/?page_id=12"},"modified":"2025-11-11T07:49:47","modified_gmt":"2025-11-11T07:49:47","slug":"publications","status":"publish","type":"page","link":"http:\/\/qufaculty.qu.edu.qa\/lena-maria-moeller\/publications\/","title":{"rendered":"Publications"},"content":{"rendered":"\n<p><strong>Books<\/strong><\/p>\n\n\n\n<p><p><em>Die Golfstaaten auf dem Weg zu einem modernen Recht f\u00fcr die Familie? Zur Kodifikation des Personalstatuts in Bahrain, Katar und den Vereinigten Arabischen Emiraten<\/em> (Mohr Siebeck 2015).<\/p>\n<p>&nbsp;<\/p><\/p>\n\n\n\n<p><strong>Edited Volumes &amp; Special Issues<\/strong><\/p>\n\n\n\n<p>Special Issue <em>Media Representations of Law and Justice: Middle Eastern Perspectives <\/em>(2024) 16 Middle East Law and Governance (with Hanan Badr).<\/p>\n\n\n\n<p>Special Issue <em>Female Legal Professionals in Popular Culture \u2013 a Transnational Comparison<\/em> (2023) 30 International Journal of the Legal Profession (with Shahd Alshammari).<\/p>\n\n\n\n<p><em>The MENA Region and COVID-19: Impact, Implications and Prospects <\/em>(Routledge 2022) (with Zeina Hobaika &amp; Jan Claudius V\u00f6lkel). doi:10.4324\/9781003240044.<\/p>\n\n\n\n<p>Special Issue<em> Ten Years after the Arab Uprisings: Beyond Media and Liberation<\/em> (2021) 9 Media and Communication (with Hanan Badr).<\/p>\n\n\n\n<p><em>Filiation and the Protection of Parentless Children: Towards a Social Definition of the Family in Muslim Jurisdictions<\/em> (T.M.C. Asser Press\/Springer 2019) (with Nadjma Yassari &amp; Marie-Claude Najm). doi:10.1007\/978-94-6265-311-5.<\/p>\n\n\n\n<p><em>Parental Care and the Best Interests of the Child in Muslim Countries<\/em> (T.M.C. Asser Press\/Springer 2017) (with Nadjma Yassari &amp; Imen Gallala-Arndt). doi:10.1007\/978-94-6265-174-6.<\/p>\n\n\n\n<p><p><em>First Max Planck Symposium Issue on Child Law in Muslim Countries<\/em> (2015) 63 The American Journal of Comparative Law (with Nadjma Yassari &amp; Imen Gallala-Arndt).<\/p>\n<p>&nbsp;<\/p><\/p>\n\n\n\n<p><strong>Refereed Journal Articles<\/strong><\/p>\n\n\n\n<p>Federalism and Family Law in the United Arab Emirates: Untangling Conflict of Laws and Conflicts of Jurisdiction (forthcoming, available online as \u2018Advance Article\u2019) <em>Arab Law Quarterly<\/em>. doi:10.1163\/15730255-bja10196.<\/p>\n\n\n\n<p>Legal Reform for Syria\u2019s War-affected Children: Adoption, Fostering, and State Responsibility in Transition (2025) 39 <em>International Journal of Law, Policy and the Family<\/em>, 1-18. doi:10.1093\/lawfam\/ebaf029.<\/p>\n\n\n\n<p>One Year of Civil Family Law in the United Arab Emirates: A Preliminary Assessment (2024) 38 <em>Arab Law Quarterly<\/em>, 219-234. doi:10.1163\/15730255-bja10140.<\/p>\n\n\n\n<p>The ideal Emirati woman lawyer: femininity and professionalism in <em>Justice: Qalb Al Adala<\/em> (2023) 30&nbsp;<em>International Journal of the Legal Profession<\/em>, 291-304. doi:10.1080\/09695958.2023.2225855.<\/p>\n\n\n\n<p>Marital Choice and \u201cSuitability\u201d in a Heterogeneous Society: Some Reflections on Kaf\u0101\u02bea in the United Arab Emirates (2022) VI <em>Asian Yearbook of Human Rights and Humanitarian Law<\/em> (Festschrift Shaheen Sardar Ali), 134-147. doi:10.1163\/9789004520806_008.<\/p>\n\n\n\n<p>Family Law in the GCC and the Best Interests of the Child: The Multiple Meanings of a Vague Legal Concept (2018) 16&nbsp;<em>Hawwa &#8211; Journal of Women of the Middle East and the Islamic World<\/em>, 309-332. doi:10.1163\/15692086-12341341.<\/p>\n\n\n\n<p>Wenn Jugendliche heiraten: Die Minderj\u00e4hrigenehe aus rechtsvergleichender und internationalprivatrechtlicher Sicht (2017) 50 <em>Kritische Justiz<\/em>, 269-285 (with Nadjma Yassari). doi:10.5771\/0023-4834-2017-3-269.<\/p>\n\n\n\n<p>An Enduring Relic: Family Law Reform and the Inflexibility of Wil\u0101ya (2015) 63 <em>The American Journal of Comparative Law<\/em>, 893-925. doi:10.5131\/AJCL.2015.0027.<\/p>\n\n\n\n<p>No Fear of Tal\u0101q: A Reconsideration of Muslim Divorce Laws in Light of the Rome III Regulation (2014) 10 <em>Journal of Private International Law<\/em>, 461-487. doi:10.5235\/17441048.10.3.461.<\/p>\n\n\n\n<p>Family Law in the Arab Gulf: Recent Developments and Reform Patterns (2013) 9 <em>Journal of International Law and Islamic Law<\/em> (formerly <em>Journal of Islamic State Practices in International Law<\/em>), 22-39.<\/p>\n\n\n\n<p><p>Custody Regulations in the United Arab Emirates: Legal Reforms and Social Realities (2013) 11 <em>Hawwa &#8211; Journal of Women of the Middle East and the Islamic World<\/em>, 41-57. doi:10.1163\/15692086-12341242.<\/p>\n<p>&nbsp;<\/p><\/p>\n\n\n\n<p><strong>Other Journal Articles<\/strong><\/p>\n\n\n\n<p>Introduction to special issue Media Representations of Law and Justice: Middle Eastern Perspectives (2024) 16 Middle East Law and Governance, 1-6 (with Hanan Badr). doi: 10.1163\/18763375-16010003.<\/p>\n\n\n\n<p>Introduction to special issue: Images of female legal professionals in popular culture \u2013 a transnational comparison (2023) 30 <em>International Journal of the Legal Profession<\/em>, 217-220 (with Shahd Alshammari). doi:10.1080\/09695958.2023.2228694.<\/p>\n\n\n\n<p>Editorial: Beyond Mainstream Media and Communication Perspectives on the Arab Uprisings (2021) 9&nbsp;<em>Media and Communication<\/em>, 260-263 (with Hanan Badr). doi:10.17645\/mac.v9i4.5151.<\/p>\n\n\n\n<p>\u00dcberblick \u00fcber das syrische Familienrecht (2017) 70 <em>Das Standesamt<\/em>, 298-303.<\/p>\n\n\n\n<p>Introduction \u2013 Negotiating Parenthood in Muslim Countries: Changing Concepts and Perceptions (2015) 63 <em>The American Journal of Comparative Law<\/em>, 819-827 (with Imen Gallala-Arndt &amp; Nadjma Yassari). doi:10.5131\/AJCL.2015.0024.<\/p>\n\n\n\n<p>Die neuen Familienrechtskodifikationen in den Golfstaaten Bahrain, Katar und (2011) 64 <em>Das Standesamt<\/em>, 325-332.<\/p>\n\n\n\n<p><p>&nbsp;<\/p>\n<p><strong>Book Chapters<\/strong><\/p><\/p>\n\n\n\n<p>Introduction: The MENA region and COVID-19 \u2013 concept and content of this book, in <em>The MENA Region and COVID-19: Impact, Implications and Prospects<\/em>, Zeina Hobeika, Lena-Maria M\u00f6ller &amp; Jan Claudius V\u00f6lkel (eds) (Routledge 2022) (with Zeina Hobaika &amp; Jan Claudius V\u00f6lkel), 1-16. doi:10.4324_97810\u200c03240044-1.<\/p>\n\n\n\n<p>Conclusions: The MENA region and COVID-19 \u2013 lessons for the future, in <em>The MENA Region and COVID-19: Impact, Implications and Prospects<\/em>, Zeina Hobeika, Lena-Maria M\u00f6ller &amp; Jan Claudius V\u00f6lkel (eds) (Routledge 2022) (with Zeina Hobaika &amp; Jan Claudius V\u00f6lkel), 171-175. doi:10.4324_97810\u200c\u200c03240044-14.<\/p>\n\n\n\n<p>Kindschaftsrecht und elterliche Sorge in Syrien: Eine rechtsvergleichende Einordnung, in <em>Migration und Heimatrecht: Herausforderungen muslimisch gepr\u00e4gter Zuwanderung nach Deutschland<\/em>, Irene Schneider, Hatem Elliesie &amp; Silvia Tellenbach (eds) (Harrassowitz Verlag 2022), 81-92.<\/p>\n\n\n\n<p>United Arab Emirates: Temporary Multiculturalism, but Permanent Legal Pluralism?, in <em>Normativity and Diversity in Family Law: Lessons from Comparative Law<\/em>, Nadjma Yassari &amp; Marie-Claire Foblets (eds) (Springer 2022), 101-117. doi:10.1007\/978-3-030-83106-6_5.<\/p>\n\n\n\n<p>Religi\u00f6ser Einfluss auf staatliches Recht in islamischen L\u00e4ndern, in <em>Kirchenrecht im Dialog<\/em> (Tagungsband zur Tagung des Instituts f\u00fcr Kanonisches Recht, 18.-20. Februar 2019, Fulda), Thomas Sch\u00fcller &amp; Thomas Neumann (eds) (Berliner Wissenschafts-Verlag 2020), 132-146.<\/p>\n\n\n\n<p>Familienrecht und Religion: Ein Blick in das islamische Recht, in <em>Familienrecht und Religion \u2013 Europ\u00e4ische Perspektiven \u2013<\/em>, Claudia Mayer et al. (eds) (Gieseking Verlag 2019), 183-201.<\/p>\n\n\n\n<p>United Arab Emirates, in <em>Filiation and the Protection of Parentless Children: Towards a Social Definition of the Family in Muslim Jurisdictions<\/em>, Nadjma Yassari, Lena-Maria M\u00f6ller &amp; Marie-Claude Najm (eds) (T.M.C. Asser Press\/Springer 2019), 351-372. doi:10.1007\/978-94-6265-311-5_13.<\/p>\n\n\n\n<p>Synopsis, in <em>Filiation and the Protection of Parentless Children: Towards a Social Definition of the Family in Muslim Jurisdictions<\/em>, Nadjma Yassari, Lena-Maria M\u00f6ller &amp; Marie-Claude Najm (eds) (T.M.C. Asser Press\/Springer 2019), 403-412 (with Nadjma Yassari). doi:10.1007\/978-94-6265-311-5_15.<\/p>\n\n\n\n<p>Recht in Afghanistan ab 1920, in <em>Handbuch der Iranistik Bd. <\/em><em>II<\/em>, Ludwig Paul (ed) (Reichert 2017), 243-252 (with Nadjma Yassari).<\/p>\n\n\n\n<p>Synopsis, in <em>Parental Care and the Best Interests of the Child in Muslim Countries<\/em>, Nadjma Yassari, Lena-Maria M\u00f6ller &amp; Imen Gallala-Arndt (eds) (T.M.C. Asser Press\/Springer 2017), 325-353 (with Nadjma Yassari &amp; Imen Gallala-Arndt). doi:10.1007\/978-94-6265-174-6_12.<\/p>\n\n\n\n<p>Improving Women\u2019s Rights through Children\u2019s Rights? The Reform of Custody Laws in Contemporary Muslim Jurisdictions, in <em>Women\u2019s Human Rights and the Elimination of Discrimination \/ Les droits des femmes et l\u2019\u00e9limination de la discrimination <\/em>(Acad\u00e9mie de droit international de la Haye), Maarit J\u00e4nter\u00e4-Jareborg &amp; H\u00e9l\u00e8ne Tigroudja (eds) (Brill Nijhoff 2016), 465-489. doi:10.1163\/1875-8096_pplcdu_ej.9789004327559.\u200c\u200cch12.<\/p>\n\n\n\n<p>Struggling for a Modern Family Law: A Khaleeji Perspective, in <em>Changing God\u2019s Law: The Dynamics of Middle Eastern Family Law<\/em>, Nadjma Yassari (ed) (Routledge 2016), 83-112.<\/p>\n\n\n\n<p><p>Recht im Iran ab 1925, in <em>Handbuch der Iranistik Bd. <\/em><em>I<\/em>, Ludwig Paul (ed) (Reichert 2013), 144-154 (with Nadjma Yassari).<\/p>\n<p>&nbsp;<\/p><\/p>\n\n\n\n<p><strong>Encyclopedia Entries<\/strong><\/p>\n\n\n\n<p>Children and Law, in <em>Encyclopaedia of Islam, THREE <\/em>(Volume 2025-1), Kate Fleet et al. (eds) (Brill 2025), 26-31. doi:10.1163\/1573-3912_ei3_COM_24397.<\/p>\n\n\n\n<p>Law: Modern Family Law, 1800-Present: Gulf States, in <em>Encyclopedia of Women and Islamic Cultures Online Edition<\/em> (Supplement XVII), Suad Joseph et al. (eds) (Brill 2018). doi:10.1163\/1872-5309_ewic_COM_\u200c002149.<\/p>\n\n\n\n<p><p>Bahrain, in <em>Encyclopedia of Law and Religion <\/em>(Volume 3: Asia), Cole Durham and Gerhard Robbers (eds) (Brill 2016), 30-34. doi:10.1163\/9789004236936_elr_COM_000088.<\/p>\n<p>&nbsp;<\/p><\/p>\n\n\n\n<p><strong>Commentaries<\/strong><\/p>\n\n\n\n<p><p>Art. 13-17, 20-30 Hague Protocol of 23 November 2007 on the Law Applicable to Maintenance Obligations, in <em>beck-online.GROSSKOMMENTAR zum Zivilrecht<\/em>, Beate Gsell et al. (eds) (CH Beck 2018).<\/p>\n<p>&nbsp;<\/p><\/p>\n\n\n\n<p><strong>Case Notes<\/strong><\/p>\n\n\n\n<p><p>Anerkennung und Wirksamkeit islamisch gepr\u00e4gter Eheaufl\u00f6sungen in Europa: Anmerkungen zu OLG M\u00fcnchen, Beschluss vom 13.03.2018 &#8211; 34 Wx 146\/14, den Schlussantr\u00e4gen des EuGH-Generalanwalts Saugmandsgaard \u00d8e vom 14.09.2017 und EuGH, Urteil vom 20.12.2017 &#8211; C-372\/16 (Soha Sahyouni .\/. Raja Mamisch) (2018) <em>Zeitschrift f\u00fcr Recht &amp; Islam\/Journal of Law &amp; Islam<\/em>, 9-15.<\/p>\n<p>&nbsp;<\/p><\/p>\n\n\n\n<p><strong>Book Reviews<\/strong><\/p>\n\n\n\n<p><p>Review of Uwe Kischel (ed), Religi\u00f6ses Recht und religi\u00f6se Gerichte als Herausforderung des Staates (Mohr Siebeck 2016) (2018) 82 <em>The Rabel Journal of Comparative and International Private Law<\/em>, 229-233.<\/p>\n<p>&nbsp;<\/p><\/p>\n\n\n\n<p><strong>Web-Based Publications<\/strong><\/p>\n\n\n\n<p>Between religious diversity and national unity: The role of family law in Syria\u2019s transitional justice journey (LSE Religion and Global Society interdisciplinary blog, 15 January 2025) &lt;https:\/\/blogs.lse.ac.uk\/religionglobalsociety\/2025\/01\/between-religious-diversity-and-national-unity-the-role-of-family-law-in-syrias-transitional-justice-journey\/&gt;.<\/p>\n\n\n\n<p>Abu Dhabi Court of Cassation on Civil Family Law and Muslim Foreigners: Has the Tide Turned? (Conflictoflaws.net: Views and News in Private International Law, 15 November 2024) &lt;https:\/\/conflictoflaws.net\/2024\/abu-dhabi-court-of-cassation-on-civil-family-law-and-muslim-foreigners-has-the-tide-turned\/&gt;.<\/p>\n\n\n\n<p>Abu Dhabi introduces personal status law for non-Muslim foreigners, shakes up domestic and international family law (Conflictoflaws.net: Views and News in Private International Law, 11 November 2021) &lt;https:\/\/conflictoflaws.net\/2021\/abu-dhabi-introduces-personal-status-law-for-non-muslim-foreigners\/&gt;.<\/p>\n\n\n\n<p>Vereinigte Arabische Emirate: Weitere familienrechtliche Neuerungen (Bergmann-Aktuell News 11\/2020, 25 November 2020) &lt;www.vfst.de\/bergmann-aktuell\/nachrichten\/vereinigte-arabische-emirate-weitere-familienrechtliche-neuerungen&gt;.<\/p>\n\n\n\n<p>Muslime und die COVID-19-Pandemie: Pilgern in Zeiten von Corona (Qantara.de &#8211; Dialog mit der islamischen Welt, 16 April 2020) &lt;https:\/\/de.qantara.de\/node\/39856&gt; (with Serdar Kurnaz) (also available in English and Arabic).<\/p>\n\n\n\n<p>Vereinigte Arabische Emirate: Familienrechtliche Neuerungen (Bergmann-Aktuell News 2\/2020, 26 February 2020) &lt;www.vfst.de\/bergmann-aktuell\/nachrichten\/familienrechtliche-neuerungen-2020-02-26&gt;.<\/p>\n\n\n\n<p>Gleichberechtigung in Tunesien: Die Revolution frisst ihre T\u00f6chter (Zenith Online, 23 August 2012) &lt;https:\/\/magazin.zenith.me\/de\/archiv\/verfassungsentwurf-tunesien&gt; (with Jannik Veenhuis).<\/p>\n","protected":false},"excerpt":{"rendered":"<p>Books Die Golfstaaten auf dem Weg zu einem modernen Recht f\u00fcr die Familie? Zur Kodifikation des Personalstatuts in Bahrain, Katar [&hellip;]<\/p>\n","protected":false},"author":1508,"featured_media":0,"parent":0,"menu_order":0,"comment_status":"closed","ping_status":"closed","template":"","meta":[],"_links":{"self":[{"href":"http:\/\/qufaculty.qu.edu.qa\/lena-maria-moeller\/wp-json\/wp\/v2\/pages\/12"}],"collection":[{"href":"http:\/\/qufaculty.qu.edu.qa\/lena-maria-moeller\/wp-json\/wp\/v2\/pages"}],"about":[{"href":"http:\/\/qufaculty.qu.edu.qa\/lena-maria-moeller\/wp-json\/wp\/v2\/types\/page"}],"author":[{"embeddable":true,"href":"http:\/\/qufaculty.qu.edu.qa\/lena-maria-moeller\/wp-json\/wp\/v2\/users\/1508"}],"replies":[{"embeddable":true,"href":"http:\/\/qufaculty.qu.edu.qa\/lena-maria-moeller\/wp-json\/wp\/v2\/comments?post=12"}],"version-history":[{"count":5,"href":"http:\/\/qufaculty.qu.edu.qa\/lena-maria-moeller\/wp-json\/wp\/v2\/pages\/12\/revisions"}],"predecessor-version":[{"id":100,"href":"http:\/\/qufaculty.qu.edu.qa\/lena-maria-moeller\/wp-json\/wp\/v2\/pages\/12\/revisions\/100"}],"wp:attachment":[{"href":"http:\/\/qufaculty.qu.edu.qa\/lena-maria-moeller\/wp-json\/wp\/v2\/media?parent=12"}],"curies":[{"name":"wp","href":"https:\/\/api.w.org\/{rel}","templated":true}]}}