{"id":125,"date":"2023-09-24T11:35:13","date_gmt":"2023-09-24T11:35:13","guid":{"rendered":"http:\/\/qufaculty.qu.edu.qa\/bhamada\/?page_id=125"},"modified":"2023-09-24T11:35:14","modified_gmt":"2023-09-24T11:35:14","slug":"publications-grants","status":"publish","type":"page","link":"http:\/\/qufaculty.qu.edu.qa\/bhamada\/publications-grants\/","title":{"rendered":"Publications &#038; Grants"},"content":{"rendered":"\n<p><strong>Peer Reviewed English Journal Articles<\/strong><\/p>\n\n\n\n<ol type=\"1\"><li><strong>Hamada, Basyouni,<\/strong> I., &amp; Vallesi, D., (2023). Determinants of Journalists\u2019 Trust in Public Institutions: A Macro and Micro Analysis Across 67 Countries. Journalism Practice, 1-22<\/li><li>Slavtcheva, Petkova, V., Ramaprasad, J., Springer, N., Hughes, S., Hanitzsch, T., <strong>Hamada, Basyouni, I.<\/strong>,&nbsp; Hoxha, A., &amp; Steindl, N. (2022). Conceptualizing Journalists\u2019 Safety around the Globe. Digital Journalism, 1-19.<\/li><li><strong>Hamada, Basyouni, I.,<\/strong> (2022). Islamic Worldview as a Model for De-westernizing Journalism Studies and Profession. The Javnost-The Public 28(1), 1-17.<\/li><li><strong>Hamada, Basyouni, I.,<\/strong> (2021). Determinants of Journalists\u2019 Autonomy and Safety: Evidence from the Worlds of Journalism Study. Journalism Practice. 16(1):1-2,1 10.1080\/17512786.2021.1871861<\/li><li><strong>Hamada, Basyouni, I,<\/strong> Abdel-Salam, A.-S., G, , &amp; Elkilany, E., Abdelwahed., (2019). Press Freedom and Corruption: An Examination of the Relationship. Global Media and Communication. (15).3.<\/li><li>Alonso, M. O., Shapiro, I., Andresen, K., Anikina, M., De Maio, M., <strong>Hamada, Basyouni, I,.<\/strong> Hanusch, F., Hollings, J., Kolbeins, G. H., &amp; Hughes, S., (2019). Defining the Worlds of Journalism Study Sample Journalism Study. www.worldsofjournalism.org<\/li><li><strong>Hamada, Basyouni., I.,<\/strong> (2019). Press freedom and Political Instability in the Arab world: An Empirical Investigation. Journal of Arab &amp; Muslim Media Research. Volume 12, Issue 1, p. 21 &#8211; 41.<\/li><li>Muchtar, N., <strong>Hamada, Basyouni, I.,<\/strong> Hanitzsch, T., Galal, A., Masduki, &amp; Ullah, M., (2017). Journalism and the Islamic Worldview: Journalistic Roles in Muslim-Majority Countries. Journalism Studies, 18(5), 55.<\/li><li><strong>Hamada, Basyouni, I.<\/strong> (2016). Towards a Global Journalism Ethics Model: An Islamic Perspective. The Journal of International Communication, 22(2), 188-208<\/li><li>Hanitzsch, T., Hanusch, F., Mellado, C., Anikina, M., Berganza, R., Cangoz, I., Coman, M., <strong>Hamada, Basyouni, I.,<\/strong> Elena Hern\u00e1ndez, M., &amp; Karadjov, C., (2011). Mapping Journalism Cultures across Nations: A comparative Study of 18 Countries. Journalism Studies, 12(3), 273-293.<\/li><li>Hanitzsch, T., Anikina, M., Berganza, R., Cangoz, I., Coman, M., <strong>Hamada, Basyouni, I.,<\/strong>&nbsp; Hanusch, F., Karadjov, C. D., Mellado, C., Moreira, S. V., Mwesige, P. G., Plaisance, P. L., Reich, Z., Seethaler, J., Skewes, E. A., Noor, D. V., &amp; Yuen, K. W., (2010). Modeling Perceived Influences on Journalism Evidence from a Cross-National Survey of Journalists. Journalism &amp; Mass Communication Quarterly, 87(1), 5-22.<\/li><li><strong>Hamada, Basyouni, I., <\/strong>(2010). Communication Revolution and Academic Freedom, Journal of Arab &amp; Muslim Media Research, 3(1), 37-58.<\/li><li><strong>Hamada, Basyouni, I., <\/strong>(2008). Satellite Television and Public Sphere in Egypt: Is there a Link? Global Media Journal, 7(12), 1-21.<\/li><li><strong>Hamada, Basyouni, I.,<\/strong> (2004). Global Culture or Cultural Clash: An Islamic Intercultural Communication Perspective. Global Media Journal, 3(5), 20-40.<\/li><li><strong>Hamada, Basyouni, I.<\/strong> (2004). ICTs and Cultural Diversity with Special Reference to the Islamic Perspective. Journal of International Communication, 10(1), 34-53. https:\/\/doi.org\/10.1080\/13216597.2004.9751963<\/li><li><strong>Hamada, Basyouni, I.,<\/strong> (2004).&nbsp; Satellite Broadcasting Regulation and Cultural Exception: An Arab Islamic View, the Egyptian Journal for Communication Research, Volume 22.<\/li><li><strong>Hamada, Basyouni, I.,<\/strong> (2004). Media, Violence and Terrorism in the Arab World: Critical Assessment, Political Research Series, Center for Political Research and Studies, Faculty of Economics and Political Sciences, Cairo University, Egypt, pp .1-25.<\/li><li><strong>Hamada, Basyouni, I.,<\/strong> (2003).&nbsp; Internet Potentials for Democratization: Challenges in the Arab World, the Journal of Development Communication, Volume 14, Number 2, pp.&nbsp; 12 &#8211; 31.<\/li><li><strong>Hamada, Basyouni, I.,<\/strong> (2002). Historical and Political Analysis of Mass Media in Egypt, The Egyptian Journal for Communication Research, Volume 9, Number 2, pp. 1-31.<\/li><li><strong>Hamada, Basyouni, I.,<\/strong> (2001).&nbsp; The Arab Image in the Minds of Western Image-Makers, The Journal of International Communication,&nbsp; Volume 7, Number 1, pp. 7-35.<\/li><li><strong>Hamada, Basyouni, I.,<\/strong> (1999). The Initial Effects of the Internet on the Muslim Society, The Journal of International Communication, Volume 6, Number 2, pp. 50-70.<\/li><\/ol>\n\n\n\n<p><strong>Chapters Published in Refereed English Books<\/strong><\/p>\n\n\n\n<ol type=\"1\"><li>Slavtcheva, Petkova, V., Ramaprasad, J., Springer, N., Hughes, S., Hanitzsch, T., <strong>Hamada, Basyouni, I.<\/strong>,&nbsp; Hoxha, A., &amp; Steindl, N., (2024). Conceptualizing Journalists\u2019 Safety around the Globe, in Oscar Westlund, Roy Kr\u00f8vel and Kristin Skare Orgeret \u201ceds\u201d, Journalism and Safety: An Introduction to the Field , London: Routledge. (Forthcoming).<\/li><li><strong>Hamada, Basyouni, I.,<\/strong> (2024). Determinants of Journalists\u2019 Autonomy and Safety: Evidence from the Worlds of Journalism Study, in Oscar Westlund, Roy Kr\u00f8vel and Kristin Skare Orgeret \u201ceds\u201d, Journalism and Safety: An Introduction to the Field , London: Routledge. (Forthcoming).<\/li><li><strong>Hamada, Basyouni, I.,<\/strong> (2023). Cross Border Journalism in the Arab World, in Liane Rothenberger, Martin L\u00f6ffelholz and David Weaver., \u201ceds\u201d, Palgrave Handbook of Cross-Border Journalism. <a href=\"https:\/\/www.barnesandnoble.com\/w\/the-palgrave-handbook-of-cross-border-journalism-liane-rothenberger\/1142635489\">https:\/\/www.barnesandnoble.com\/w\/the-palgrave-handbook-of-cross-border-journalism-liane-rothenberger\/1142635489<\/a><\/li><li><strong>Hamada, Basyouni, I.,<\/strong> and Alonso, Martin., (2022). Etica (S) De Los Periodistas:Paise Musulmanes Vs North Global in Mohamed El Mouden El Mouden et al (eds). El&nbsp; Mundo&nbsp; \u00c1rabe&nbsp; E Islamico Y Occident.Retos De Construccion Del Conociminto Sobre El Otro, Dykinson, S.L<\/li><li><strong>Hamada, Basyouni, I.<\/strong> (2020). Journalism and Corruption: A Hierarchical Universal Theory of Determinants, in Hamada, Basyouni, I., and Wok, Saodah., \u201ceds\u201d, Off and Online Journalism and Corruption: International Comparative Analysis,&nbsp; Intec Open.<\/li><li><strong>Hamada, Basyouni, I.,<\/strong> Hughes, S., Hanitzsch, T., Hollings, J., Lauerer, C., Arroyave, J., Rupar, V., &amp; Splendore, S., (2019). Editorial Autonomy: Journalists\u2019 Perceptions of Their Freedom, in T. Hanitzsch, F. Hanusch, J. Ramaprasad, &amp; A. S. de Beer \u201ceds\u201d, Worlds of Journalism: Journalistic Cultures Around the Globe. Columbia University Press.<\/li><li><strong>Hamada, Basyouni, I.,<\/strong> (2018). Social Media: A Turning Point into Global Journalism Identity and Ethics, In J Vi\u0161?ovsk\u00fd, J Rado\u0161insk\u00e1 &#8220;ed&#8221;, Social Media and Journalism-Trends, Connections, Implications. Intec Open.<\/li><li>Muchtar, N., <strong>Hamada, Basyouni, I.,<\/strong> Hanitzsch, T., Galal, A., Masduki, &amp; Ullah, M., (2017). Journalism and the Islamic Worldview: Journalistic Roles, in Muslim-Majority Countries. in Hanusch, Folker \u201ced\u201d, Comparing Journalistic Cultures, Routledge, London &amp; New York.<\/li><li>Hanitzsch, T, Seethaler, J,&nbsp; Skewes, , E,&nbsp; Aikina,, M, Berganza, , R,&nbsp; S.&nbsp;&nbsp;&nbsp;&nbsp;&nbsp;&nbsp;&nbsp;&nbsp; <strong>Hamada, Basyouni, I<\/strong>., (2012). Worlds of Journalism: Journalistic Cultures, Professional Autonomy and Perceived Influences across 18 Nations, in Weaver, D. H. &amp; Willnat, L. \u201ceds\u201d, The Global Journalist in the 21st Century (pp. 473-494). New York, NY: Routledge.<\/li><li>Hanitzsch, T, Cangoz, I, 5.<strong>&nbsp;&nbsp;&nbsp;&nbsp;&nbsp;&nbsp;&nbsp;&nbsp; Hamada, Basyouni, I.,<\/strong> Hanusch, F, Karadjov, C,&nbsp; Moreira, S,&nbsp; Terzis, G., (2008). Cultural Determinants of the Journalist\u2019s Professional Worldviews, 2nd European Communication Conference Abstracts Book, European Communication Research and Education Association (ECREA)<\/li><li><strong>Hamada, Basyouni, I.,<\/strong> (2007). Satellite Broadcasting Regulation and Cultural Exception: An Arab Islamic View of Communication, in Kiran Prasad, \u201ced\u201d, Media Law and Ethics: Readings in Communication Regulation, India: BRPC,. PP.71-90.<\/li><li><strong>Hamada, Basyouni, I.,<\/strong> (2007). Communication Revolution and Academic Freedom in the Arab and African Universities, in Ahamed Butan, \u201ced\u201d.&nbsp;&nbsp; Paris: UNESCO.<\/li><li><strong>Hamada, Basyouni, I.,<\/strong> (2007).&nbsp; Communication Revolution and the Right to Publish, in Ahamed Butan, \u201ced\u201d, Paris: UNESCO.<\/li><li><strong>Hamada, Basyouni, I., <\/strong>(2003).&nbsp; Media, Violence and Terrorism in the Arab World, in Boafo S. T. Kwame and Coudray Sylvie, \u201ceds\u201d,&nbsp;&nbsp;&nbsp; Media, Violence and Terrorism, Paris: UNESCO,&nbsp; pp.&nbsp; 101 \u2013 106.<\/li><li><strong>Hamada, Basyouni, I.,<\/strong>&nbsp; (2003). Arab Media and Communication Systems in the Information Age: The Challenges and Responses, in Naren Chitty, \u201ced\u201d, Faces of Globalization, Media and Communication in the Age of Globalization, India:&nbsp; Ganga Publishing House PP.&nbsp; 120-145.<\/li><li><strong>Hamada, Basyouni, I.<\/strong>, (2001).&nbsp; Islamic Culture Theory, Arab Media Performance and Public Opinion, in Splichal, Slavko. (ed), Public Opinion and Democracy, New Jersey, USA: Hampton Press, PP.&nbsp; 215-239.<\/li><\/ol>\n\n\n\n<p><strong>Articles Published in Refereed Arabic Journals<\/strong><\/p>\n\n\n\n<ol type=\"1\"><li><strong>Hamada, Basyouni, I.,<\/strong> (2008). Global Trends in Agenda &#8211; Setting Research, Egyptian Journal for Public Opinion Research, Volume 12, Number 2, pp.&nbsp; 30-58.<\/li><li><strong>Hamada, Basyouni, I.,<\/strong> (2007). Public opinion and Decision Making,&nbsp; Journal for Public Opinion Research, Volume 13, Number 2, pp.&nbsp; 40-86.&nbsp;<\/li><li><strong>Hamada, Basyouni, I.,<\/strong> (2007). Terrorism and Media Discourse, Global Media Journal, Department of Journalism and Mass Communication, The American University in Cairo<\/li><li><strong>Hamada, Basyouni, I.,<\/strong> (2006). Environmental Communication: The Reality and Future Visions, Assessment Research, Global Media Journal, The Arabic Version, Department of Journalism and Mass Communication, The American University in Cairo.<\/li><li><strong>Hamada, Basyouni, I.,<\/strong> (2003).&nbsp; Social Impact of Mass Media: The Recent Global Research Trends, Egyptian Journal for Public Opinion Research, Volume 8, Number 2, pp.&nbsp; 25- 65.<\/li><li><strong>Hamada, Basyouni, I.,<\/strong> (2002). Freedom of International Electronic Information and the Sovereignty of National State with Special Reference to the Developing Countries, Political Research Series, Center for the Study of Developing Countries, Faculty of Economies and Political Sciences, Cairo University, Egypt, Number 3, pp. 1-40.<\/li><li><strong>Hamada, Basyouni, I.,<\/strong> (2001). United Arab Emirates and Communication Technologies: Theoretical and Practical Trends, Egyptian Journal for Public Opinion Research, Volume 2, Number 1, pp. 47-96.<\/li><li><strong>Hamada, Basyouni, I.,<\/strong> (1996). The Role of Mass Media in Setting the Agenda of Educational Issues in the Arab World, Political Research Series, Center for Political Research and Studies, Faculty of Economics and Political Sciences, Cairo University, Egypt, Number 99, pp.&nbsp; 5 \u2013 45.<\/li><li><strong>Hamada, Basyouni, I.,<\/strong> (1995).&nbsp; Media Use and Political Participation, Political Research Series, Center for Political Research and Studies, Faculty of Economics and Political Sciences, Cairo University, Egypt, Number 99, pp. 1 \u2013 42.<\/li><li><strong>Hamada, Basyouni, I.,<\/strong> (1995). Media Use and Political Efficacy of Public Opinion in Egypt, Political Research Series, Center for Political Research and Studies, Faculty of Economics and Political Sciences, Cairo University, Egypt, Number 88, 1-39.<\/li><li><strong>Hamada, Basyouni, I.,<\/strong> (1994). The Relationship between Journalists and Politicians in the Arab World, Journal of Aalam Al- Fikr, Kuwait, the National Council for Culture and Arts, Number 26, pp. 66-100.<\/li><\/ol>\n\n\n\n<p><strong>Books<\/strong><\/p>\n\n\n\n<ol type=\"1\"><li><strong>Hamada, Basyouni, I.,<\/strong> and Wok, Saodah., (2020).&nbsp; \u201ceds\u201d,&nbsp; Off and Online Journalism and Corruption: International Comparative Analysis, Intec Open.<\/li><li><strong>Hamada, Basyouni, I.,<\/strong> \u201ced\u201d., (2012). Freedom of Information and Democratic Transformation in Egypt, Cairo: Aalam Al-kotob.<\/li><li><strong>Hamada, Basyouni, I.,<\/strong> (2012). Journalism and Political Decision Making in the Arab World, Cairo: Aalam Al-kotob.<\/li><li><strong>Hamada, Basyouni, I., <\/strong>(2012).Towards a Media and Communication Strategy to overcome Overpopulation Problem in Egypt, Cairo:&nbsp; Aalam Al -Kotob.<\/li><li><strong>Hamada, Basyouni, I.,<\/strong> (2008). Studies in Media, Communication Technologies and Public Opinion, Cairo: Aalam Al &#8211; kotob.<\/li><li><strong>Hamada, Basyouni, I.,<\/strong> (2008).&nbsp; Opinions in Press, Politics and Society, Cairo:&nbsp;&nbsp; Aalam Al-kotob, Egypt.<\/li><li><strong>Hamada, Basyouni, I.<\/strong> (2003).&nbsp; Global Research Trends in Media and Communication Technologies, Dubai, United Arab Emirates: Al Bayan Newspaper, UAE.<\/li><li><strong>Hamada, Basyouni, I.,<\/strong> (2002). Public Opinion and Decision Making, Abu Dhabi, United Arab Emirates: The Emirates Center for Strategic Studies and Research, UAE.<\/li><li><strong>Hamada, Basyouni, I.,<\/strong> (1997).&nbsp; Mass Media and Politics: Cairo: Nahdet Al-Shark Publishing House, Egypt.<\/li><li><strong>Hamada, Basyouni, I.,<\/strong> (1993). The Role of Mass Media in Decision Making in the Arab World,&nbsp;&nbsp; Beirut, Lebanon: Arab Unity Studies Center, Lebanon.<\/li><\/ol>\n\n\n\n<p><strong>Chapters Published in Refereed Arabic Books<\/strong><\/p>\n\n\n\n<ol type=\"1\"><li><strong>Hamada, Basyouni, I.,<\/strong> (2019). Media Systems and Democratic Transformation: Theoretical Foundations and International Cases, in Gamal Zaran and Noureddine Miladi \u201ceds\u201d. Communication and Democratic Transition in the Arab World, Sotomedia, Tunisia.<\/li><li><strong>Hamada, Basyouni, I.,<\/strong> (2013). Media Freedom and Independence after the Egyptian 25<sup>th<\/sup> January Revolution, In Gamal, Zahran \u201ced\u201d. Future of Egypt after 25<sup>th<\/sup> Revolution, Cairo: Al Shrok Publisher, Egypt.<\/li><li><strong>Hamada, Basyouni, I.,<\/strong> (2012). Future of the Media System after the Egyptian 25<sup>th<\/sup> January Revolution, in Basyouni Hamada, I., \u201ced\u201d. Freedom of Information and Democratic Transformation in Egypt, Cairo: Aalam Al-kotob, Egypt.<\/li><li><strong>Hamada, Basyouni, I.,<\/strong> (2012). Media Discourse and the Egyptian 25<sup>th<\/sup>&nbsp; January Revolution, in Nadia Mostafa \u201ced\u201d. The Nation in a Year, Istanbul:&nbsp; Dar El Shorouk International Library, Turkey.<\/li><li><strong>Hamada, Basyouni, I.,<\/strong> (1992).&nbsp; Experimental and Quasi Experimental Research Designs, in Wadoda Badran,\u201ded\u201d. Research Designs in Social Sciences, Center for Political Research and Studies, Cairo University, Egypt, pp. 89 \u2013 120.<\/li><\/ol>\n\n\n\n<p><strong>Articles Under Review<\/strong><\/p>\n\n\n\n<ol type=\"1\"><li><strong>Hamada, Basyouni, I.<\/strong> and Martin Oller Alonso., (2023). Journalists\u2019 Ethical Orientations in Western and Muslim Majority Countries: An Empirical and Cultural Investigation.<\/li><li><strong>&nbsp;&nbsp;Hamada, Basyouni, I<\/strong>., Abdel-Salam G. Abdel-Salam., and Saba Bebaw., (2023). Journalism Practices in Western and Muslim Majority Countries: Culture Matters<\/li><li><strong>Hamada, Basyouni, I.,<\/strong> Mutsvairo, Bruce, Gl\u00fcck, Antje., (2023). De-Westernizing Journalism Studies and Profession: Towards a Grand Theory, (a book proposal).<\/li><\/ol>\n\n\n\n<p><strong>Articles and Books In Progress<\/strong><\/p>\n\n\n\n<ol type=\"1\"><li><strong>Hamada, Basyouni, I.,<\/strong> Kazimierz Slomczynski and Joonghyun Kwak., (2023). Does Journalists \u2018Trust in Public Institutions reflect Public Opinion? A Cross-National Study, (Article).<\/li><li><strong>Hamada, Basyouni, I., <\/strong>and Abdelsalam Gomaa Abdelsalam., (2023). Determinants of Watchdog Journalism: A Global Empirical Approach, (Article).<strong><\/strong><\/li><li><strong>Hamada, Basyouni, I.,<\/strong> Marlow Lemons., and Abdulhameed Agbool., (2023). Press Freedom and Corruption: Do Forms of Corruption Matter? (Article).<\/li><li><strong>Hamada, Basyouni, I.,<\/strong> and Abdelsalam Gomaa Abdelsalam., (2023). Communication Research Methods: An Integrated Approach (Textbook).<\/li><li><strong>Hamada, Basyouni, I.,<\/strong> (2023). Comparing Media Systems, Theoretical and Practical Analysis.&nbsp; (Reference book).<\/li><\/ol>\n\n\n\n<p><strong>Research Grants: Lead Principal Investigator (LPI) and Principal Investigator (PI)<\/strong><\/p>\n\n\n\n<ol type=\"1\"><li>2023. <strong>LPI <\/strong>of the project titled &#8220;Artificial Intelligence and Journalism Industry in Qatar: An Empirical Study of the Practices and Trends,&#8221; with the project number ARG01-0605-230517.&nbsp; The research team comprises Prof. Said Elbanna, Prof. Abdulrahman Al Shami, Dr. ElSayed ElKilany, Dr. Abdelsalam Gomaa Abdelsalam, and Dr. Ahmed Bensaid. The project of a budget \u201c $292,475\u201d has successfully passed the QNRF internal screening stage in July 13, 2023, and is currently undergoing evaluation by external reviewers.<\/li><li>2019. <strong>PI <\/strong>of project titled: \u201cIslamic Institutions in Qatar: Challenges and Opportunities\u201d, With Dr. Mahrous Basyouni (LPI) and Dr. Zakaryaa Abdel Hady, Qatar University Internal Research Grant.<\/li><li>2014.&nbsp; <strong>LPI<\/strong> of Second Wave of Mapping Journalism Practices in Egypt; a part of the Worlds of Journalism Study, funded by Institute of Communication Studies and Media Research, University of Munich, Germany.<\/li><li>2009. <strong>LPI<\/strong> of the project titled \u201cMedia and Communication Strategies for Population Policies in Egypt\u201d, funded by the National Population Council, Egypt.<\/li><li>&nbsp;2007. <strong>LPI<\/strong> of the First Wave of Mapping Journalism Practices in Egypt, funded by the Institute of Communication Studies and Media Research, University of Munich, Germany.&nbsp;<\/li><li>&nbsp;2007 -2008. <strong>LPI <\/strong>of the project titled \u201cSaudi Satellite Television Performance:&nbsp; Content Analysis of 160 Saudi Satellite Television Channels\u201d, funded by Saudi Ministry for Information, Saudi.&nbsp;&nbsp;<\/li><li>2004.&nbsp; <strong>LPI<\/strong> of the project titled \u201cDubai Exhibition Industry: Past Experience, Present Situation and Future Trends, funded by the Department of Economic Development, Dubai Government.<\/li><li>2004. <strong>LPI<\/strong> of LPI of the project titled \u201cAbu Dhabi Police Workplace Environment: Staff Survey, funded by Abu Dhabi Police, Ministry of Interior, UAE.<\/li><li>&nbsp;2004. <strong>LPI<\/strong> of the project titled \u201cPublic Attitude towards Abu Dhabi Police, funded by Abu Dhabi Police, Ministry of Interior, UAE.<\/li><li>2004. <strong>LPI <\/strong>of the project titled \u201cAl Ain Community Policing\u2019, funded by Al Ain Police, UAE.<\/li><li>2003. <strong>LPI<\/strong> of the project titled \u201cListeners\u2019 Survey of Abu Dhabi Radio, funded by Abu Dhabi Radio, UAE.<\/li><li>2003. <strong>LPI<\/strong> of the project titled \u201cWorkplace Environment and Future Directions of Abu Dhabi Radio, funded by Abu Dhabi Radio, UAE.<\/li><li>&nbsp;2003. <strong>LPI<\/strong> of the project titled \u201cAl Ain Tourism Festival Survey 2003, funded by Al-Ain Economic Development and Tourism Promotion Authority, UAE.&nbsp;<\/li><li>&nbsp;2002.&nbsp; <strong>LPI<\/strong> of the project titled \u201cMedia, Violence and Terrorism in the Arab World, funded by UNESCO, Paris.<\/li><li>2002. <strong>LPI<\/strong> of the project titled \u201cInformation and Communication Technologies: Opportunities and Challenges for Cultural and Linguistic Diversity\u201d, funded by UNESCO, Paris.<\/li><li>2002<strong>.&nbsp; LPI<\/strong> of the project titled \u201cAl Jazeera TV and September 11th, 2001\u201d &amp; \u201cArab TV and Arab National Identity\u201d, funded by the French National Audio-Visual Institute, Paris.<\/li><\/ol>\n","protected":false},"excerpt":{"rendered":"<p>Peer Reviewed English Journal Articles Hamada, Basyouni, I., &amp; Vallesi, D., (2023). Determinants of Journalists\u2019 Trust in Public Institutions: A [&hellip;]<\/p>\n","protected":false},"author":1459,"featured_media":0,"parent":0,"menu_order":0,"comment_status":"closed","ping_status":"closed","template":"","meta":[],"_links":{"self":[{"href":"http:\/\/qufaculty.qu.edu.qa\/bhamada\/wp-json\/wp\/v2\/pages\/125"}],"collection":[{"href":"http:\/\/qufaculty.qu.edu.qa\/bhamada\/wp-json\/wp\/v2\/pages"}],"about":[{"href":"http:\/\/qufaculty.qu.edu.qa\/bhamada\/wp-json\/wp\/v2\/types\/page"}],"author":[{"embeddable":true,"href":"http:\/\/qufaculty.qu.edu.qa\/bhamada\/wp-json\/wp\/v2\/users\/1459"}],"replies":[{"embeddable":true,"href":"http:\/\/qufaculty.qu.edu.qa\/bhamada\/wp-json\/wp\/v2\/comments?post=125"}],"version-history":[{"count":1,"href":"http:\/\/qufaculty.qu.edu.qa\/bhamada\/wp-json\/wp\/v2\/pages\/125\/revisions"}],"predecessor-version":[{"id":126,"href":"http:\/\/qufaculty.qu.edu.qa\/bhamada\/wp-json\/wp\/v2\/pages\/125\/revisions\/126"}],"wp:attachment":[{"href":"http:\/\/qufaculty.qu.edu.qa\/bhamada\/wp-json\/wp\/v2\/media?parent=125"}],"curies":[{"name":"wp","href":"https:\/\/api.w.org\/{rel}","templated":true}]}}